{"id":9,"date":"2019-08-03T16:31:41","date_gmt":"2019-08-03T14:31:41","guid":{"rendered":"http:\/\/localhost:8888\/wordpress\/?page_id=9"},"modified":"2020-03-02T15:45:15","modified_gmt":"2020-03-02T14:45:15","slug":"parcours","status":"publish","type":"page","link":"http:\/\/www.monsieurnuage.info\/annefrance\/parcours\/","title":{"rendered":"Parcours"},"content":{"rendered":"\n<blockquote class=\"wp-block-quote is-layout-flow wp-block-quote-is-layout-flow\"><p>Parcours<\/p><\/blockquote>\n\n\n\n<div class=\"wp-block-media-text alignwide\" style=\"grid-template-columns:25% auto\"><figure class=\"wp-block-media-text__media\"><img loading=\"lazy\" decoding=\"async\" width=\"203\" height=\"300\" src=\"http:\/\/www.monsieurnuage.info\/annefrance\/wp-content\/uploads\/2019\/08\/autoportrait2-203x300.png\" alt=\"\" class=\"wp-image-5830\"\/><\/figure><div class=\"wp-block-media-text__content\">\n<h6 class=\"wp-block-heading\">Anne FRANCE na\u00eet le 18 mars 1943 \u00e0 Lille.<\/h6>\n\n\n\n<p>Apr\u00e8s des \u00e9tudes parall\u00e8les en art plastique et en danse classique, elle fait, dans les ann\u00e9es soixante,&nbsp;<strong>une carri\u00e8re de danseuse<\/strong>&nbsp;dans la troupe du Grand Th\u00e9\u00e2tre de Bordeaux puis \u00e0 la Maison de la Culture d\u2019Amiens, dans la Compagnie \u00ab&nbsp;Ballet Th\u00e9\u00e2tre Contemporain&nbsp;\u00bb cr\u00e9\u00e9e sous l\u2019impulsion d\u2019Andr\u00e9 Malraux.<\/p>\n\n\n\n<p>Dans les ann\u00e9es soixante-dix, elle est engag\u00e9e au Th\u00e9\u00e2tre de Bonn (Allemagne) comme&nbsp;<strong>sc\u00e9nographe et cr\u00e9atrice de costumes<\/strong>&nbsp;pour les spectacles de ballets.<\/p>\n\n\n\n<p>Puis dans les ann\u00e9es quatre-vingts, elle&nbsp;<strong>restaure<\/strong>&nbsp;<strong>des meubles de style Napol\u00e9on III&nbsp;<\/strong>(d\u00e9cors sur nacre).<\/p>\n\n\n\n<p>Par la suite, elle se consacre enti\u00e8rement \u00e0 la<strong>&nbsp;peinture<\/strong>&nbsp;(huile sur toile) et pr\u00e9sente plusieurs expositions personnelles.<\/p>\n<\/div><\/div>\n\n\n\n<div class=\"wp-block-columns has-2-columns is-layout-flex wp-container-core-columns-is-layout-9d6595d7 wp-block-columns-is-layout-flex\">\n<div class=\"wp-block-column is-layout-flow wp-block-column-is-layout-flow\">\n<p><br>Depuis<strong>&nbsp;1996<\/strong>&nbsp;Anne FRANCE se lance un nouveau d\u00e9fi,&nbsp;<strong>la sculpture<\/strong>. Elle \u00e9tudie avec Fr\u00e9d\u00e9ric Marquis qui l\u2019initie aux techniques de modelage, pl\u00e2tre et bois.<\/p>\n\n\n\n<p>En&nbsp;<strong>2000<\/strong>&nbsp;elle participe \u00e0 une exposition collective sur le&nbsp;<strong>th\u00e8me du Tarot de Marseille o<\/strong>rganis\u00e9e \u00e0 la Maison de l\u2019Artisanat et des M\u00e9tiers d\u2019Art de Marseille o\u00f9 elle pr\u00e9sente ses premi\u00e8res pi\u00e8ces. Pour ce travail d\u2019\u00e9tude elle r\u00e9alise, par la suite, 28 pi\u00e8ces en terre cuite (bas- reliefs de 33 x 17 x 3 cm) dont certaines ont \u00e9t\u00e9 coul\u00e9es en bronze.<\/p>\n\n\n\n<p>En&nbsp;<strong>2004<\/strong>, elle expose au Mus\u00e9e Fran\u00e7ais de la Carte \u00e0 Jouer d\u2019Issy-les-Moulineaux (Tarot de Marseille).<\/p>\n\n\n\n<p>De&nbsp;<strong>2005 \u00e0 2009<\/strong>, elle r\u00e9alise 17 pi\u00e8ces en terre cuite (ronde-bosse) qu\u2019elle regroupe sous le titre g\u00e9n\u00e9rique&nbsp;<strong>\u00ab&nbsp;Vide et Pl\u00e9nitude&nbsp;\u00bb.<br><\/strong>Ces pi\u00e8ces ont \u00e9t\u00e9 sp\u00e9cialement con\u00e7ues pour \u00eatre finalis\u00e9es en bronze et p\u00e2te de verre.<\/p>\n\n\n\n<p>\u00c0 partir de&nbsp;<strong>2010<\/strong>, Anne FRANCE travaille sur un nouveau th\u00e8me&nbsp;<strong>\u00ab&nbsp;Le Chat dans tous ses \u00e9tats&nbsp;\u00bb<\/strong>. Ici, elle utilise diverses techniques et divers mat\u00e9riaux tels que&nbsp;: objets de r\u00e9cup\u00e9ration, terre cuite,bois, papier m\u00e2ch\u00e9, textile, m\u00e9tal, bronze, installation\u2026<\/p>\n\n\n\n<p>En&nbsp;<strong>2011<\/strong>, elle devient soci\u00e9taire de la Fondation Taylor.<\/p>\n\n\n\n<p>En mars&nbsp;<strong>2014<\/strong>, elle pr\u00e9sente une exposition personnelle,\u00e0 l\u2019Espace Scipion \u2013 Paris 5<sup>\u00e8me<\/sup>&nbsp;(Le Chat dans tous ses \u00e9tats)<\/p>\n<\/div>\n\n\n\n<div class=\"wp-block-column is-layout-flow wp-block-column-is-layout-flow\">\n<div style=\"height:89px\" aria-hidden=\"true\" class=\"wp-block-spacer\"><\/div>\n\n\n\n<figure class=\"wp-block-image size-large is-resized\"><img loading=\"lazy\" decoding=\"async\" src=\"http:\/\/www.monsieurnuage.info\/annefrance\/wp-content\/uploads\/2019\/08\/autoportrait1-203x300.png\" alt=\"\" class=\"wp-image-5841\" width=\"331\" height=\"490\"\/><\/figure>\n<\/div>\n<\/div>\n","protected":false},"excerpt":{"rendered":"<p>Parcours Anne FRANCE na\u00eet le 18 mars 1943 \u00e0 Lille. Apr\u00e8s des \u00e9tudes parall\u00e8les en art plastique et en danse classique, elle fait, dans les ann\u00e9es soixante,&nbsp;une carri\u00e8re de danseuse&nbsp;dans&#8230;<\/p>\n","protected":false},"author":1,"featured_media":0,"parent":0,"menu_order":0,"comment_status":"closed","ping_status":"closed","template":"","meta":{"__cvm_playback_settings":[],"__cvm_video_id":"","footnotes":""},"class_list":["post-9","page","type-page","status-publish"],"_links":{"self":[{"href":"http:\/\/www.monsieurnuage.info\/annefrance\/wp-json\/wp\/v2\/pages\/9","targetHints":{"allow":["GET"]}}],"collection":[{"href":"http:\/\/www.monsieurnuage.info\/annefrance\/wp-json\/wp\/v2\/pages"}],"about":[{"href":"http:\/\/www.monsieurnuage.info\/annefrance\/wp-json\/wp\/v2\/types\/page"}],"author":[{"embeddable":true,"href":"http:\/\/www.monsieurnuage.info\/annefrance\/wp-json\/wp\/v2\/users\/1"}],"replies":[{"embeddable":true,"href":"http:\/\/www.monsieurnuage.info\/annefrance\/wp-json\/wp\/v2\/comments?post=9"}],"version-history":[{"count":33,"href":"http:\/\/www.monsieurnuage.info\/annefrance\/wp-json\/wp\/v2\/pages\/9\/revisions"}],"predecessor-version":[{"id":6210,"href":"http:\/\/www.monsieurnuage.info\/annefrance\/wp-json\/wp\/v2\/pages\/9\/revisions\/6210"}],"wp:attachment":[{"href":"http:\/\/www.monsieurnuage.info\/annefrance\/wp-json\/wp\/v2\/media?parent=9"}],"curies":[{"name":"wp","href":"https:\/\/api.w.org\/{rel}","templated":true}]}}